t the prime factors of (-6)/(-21) + 108/o.
2
Suppose 5*v + 0*v = 90. Let a = -13 + v. What are the prime factors of a?
5
Suppose -8 = q - 1. Let o = -4 - 1. Let f = o - q. List the prime factors of f.
2
Suppose -5*p - 7 = -32. Let t(y) = 3*y**2 - 7*y + 1. List the prime factors of t(p).
41
Let t be 1*(-1 + 8/(-4)). Let k be (-46)/(-6) - (-2)/6. Let j = k + t. List the prime factors of j.
5
Let h be 2/(-10) + (-64)/(-20). List the prime factors of 1 - (h + -3 + -16).
17
List the prime factors of ((-6)/(-15))/((-1)/(-20)).
2
Let t(v) = -36*v + 2. Suppose 0*c = -4*c - 4. List the prime factors of t(c).
2, 19
Suppose 0*b - 24 = -4*b. Let q(f) = f**2 - 3*f + 7. List the prime factors of q(b).
5
Suppose 3*w + 4*g - 12 = -0*w, -w - 6 = -2*g. Suppose -3 = -2*q + 1. Suppose q*s = -w*s + 4. What are the prime factors of s?
2
Suppose 7*t - 30 = 6*t. Let q = -15 + 35. Let y = t - q. List the prime factors of y.
2, 5
Suppose w = -0*n + n - 2, -w - 4*n = -23. Suppose -3*s - 3*d + 15 = -6*d, -12 = -w*s + 2*d. List the prime factors of (-1*s)/((-4)/22).
11
Let v(h) = 4*h + 22. What are the prime factors of v(9)?
2, 29
Let v be 2/4 - (-30)/(-12). What are the prime factors of 184/10 - v/(-5)?
2, 3
Let d(p) = p**2 - 5*p + 1. Let t be d(5). Let w = 41 - 43. Let x = t - w. List the prime factors of x.
3
Let u be 16/(-1*(1 - 3)). Let p = -2 + u. Let v = p + 4. List the prime factors of v.
2, 5
Let d be (-4)/6 + (-7)/3. Let n(t) = -t**2 - 12*t - 13. Let i be n(-12). Let g = d - i. List the prime factors of g.
2, 5
Let c(v) = v + 1. List the prime factors of c(8).
3
Suppose 5*b - 37 = -2*r, 7*b = 2*r + 2*b + 13. What are the prime factors of r?
2, 3
Suppose 0 = -2*j + 61 + 1. List the prime factors of j.
31
Suppose -2*k - 2*c = c - 113, 4*k = 5*c + 215. List the prime factors of k.
5, 11
Let x(c) = -2*c**3 - 4*c**2 - c + 4. What are the prime factors of x(-5)?
3, 53
Suppose 0 = 3*k + 82 - 325. List the prime factors of k.
3
Suppose 0 = -2*y - 5*g + 181, 487 - 23 = 5*y + g. What are the prime factors of y?
3, 31
Let c = 216 + -88. Let v = -69 + c. List the prime factors of v.
59
Suppose 4*q - 3*n - 10 = -8*n, -3*q = 4*n - 8. Suppose q = 3*j - 28 + 7. List the prime factors of j.
7
Suppose 5*f - 3*o - 13 = 0, 5*f = 3*f - 2*o + 2. Suppose -f*r = r. Suppose 60 = 5*z - r*z. What are the prime factors of z?
2, 3
What are the prime factors of (-5)/(-4)*960/12?
2, 5
List the prime factors of (-5819)/(-33) + 0 + (-4)/(-6).
3, 59
Let u be (12/15)/(3/(-15)). List the prime factors of 4/(u/5 - -1).
2, 5
Let x(o) = -o**3 + 5*o**2 - 4*o + 3. Let v be (-14)/(-3) - (-10)/(-15). Let f be x(v). Suppose 0*j - 13 = -2*j - m, f*m + 49 = 5*j. List the prime factors of j.
2
Let j(k) be the first derivative of -k**3/3 - 4*k**2 - 3*k - 4. Suppose -2*t - 5*d = 17 + 10, 3*d = 2*t + 3. List the prime factors of j(t).
3
Let w(s) be the second derivative of 3*s + 5/12*s**4 + 0 + 1/20*s**5 - 1/2*s**2 + 1/3*s**3. What are the prime factors of w(-3)?
11
Suppose -7 + 21 = -2*v. Let x = v + 25. What are the prime factors of x?
2, 3
Let l = 77 + -24. What are the prime factors of l?
53
Let g be -53*(0/(-2) + -1). Suppose -5*f + g - 8 = 2*j, j = -5*f + 30. What are the prime factors of j?
3, 5
Let l be (-3)/9 - 26/(-6). Suppose l*r - 15 = r + 2*o, 3*r + o - 15 = 0. What are the prime factors of r?
5
Let z = -7 + -23. List the prime factors of -1 - z - 3/1.
2, 13
Suppose -1 - 19 = 5*d, 4 = 4*j + 4*d. Suppose -j*m + 1 = -24. List the prime factors of m.
5
Let u(t) = -t**2 - 4*t - 3. Suppose -5*l + l - 2*v = 12, -6 = 2*l - 3*v. Let z be u(l). Let w(o) = -o**3 + o**2 + 8. List the prime factors of w(z).
2
Let a = 414 - 257. What are the prime factors of a?
157
Let o(g) = 5*g - 7. List the prime factors of o(11).
2, 3
Suppose 161 + 541 = 3*z. What are the prime factors of z?
2, 3, 13
Let w(p) = -21*p - 31. List the prime factors of w(-12).
13, 17
Suppose -4*i + 2 = 2*b - i, -4*i = -3*b + 37. Let n(g) = -g + 9. Let s be n(b). Suppose -s*a - a = -5*c - 58, -2*a + 12 = 2*c. What are the prime factors of a?
11
Suppose -2*i + 0*i = -42. List the prime factors of i.
3, 7
Suppose -64 - 1 = -13*a. Let y(d) be the first derivative of -d**4/4 + 4*d**3/3 + 7*d**2/2 - 7*d + 1. What are the prime factors of y(a)?
3
Suppose 2*b - 4 = -2*b. Let o = 11 + b. What are the prime factors of o?
2, 3
Suppose k - 67 = -5*b + 94, 0 = 4*b - k - 136. What are the prime factors of b?
3, 11
Let k(j) = -5*j**3 - 14*j. Let o(r) = 6*r**3 + r**2 + 15*r + 1. Let z(x) = 7*k(x) + 6*o(x). List the prime factors of z(-7).
13
Let s(x) = x**2 - 3*x - 5. Let h(w) = w + 5. Let c be h(-3). Suppose c*b - 11 + 1 = 0. What are the prime factors of s(b)?
5
Suppose 2*t = -0*t + 90. Suppose x - t = -2*x. List the prime factors of x.
3, 5
Suppose -4*n - 2 - 2 = 0. What are the prime factors of n/2 - (-25)/2?
2, 3
Suppose 3*y - 81 - 114 = 0. What are the prime factors of y?
5, 13
Let h be 3/(-18)*-2*3. Let b = -9 - h. List the prime factors of (-2)/5 - 84/b.
2
Suppose 3*d = -2*v + 74, -2*v + 82 = -0*v - d. Suppose 5*s - 5*m = -v, -3*s + s + 4*m - 24 = 0. List the prime factors of (-30)/s + (-4)/8.
7
Suppose -6*o = -o. Suppose -3*k - 4*z + 16 = o, 2*k + 2*z - 6 = 4*z. List the prime factors of k.
2
Let c(y) = -5*y + 11 - 5 - 6. What are the prime factors of c(-2)?
2, 5
Let c be (3 - 4)*(-1 + 1). Suppose 2*k + 20 = 4*v, k = 2*v - 6*v + 32. Suppose c*o - o = -v. List the prime factors of o.
7
Let j = 7 - 5. List the prime factors of (-3 + j)/(3/(-6)).
2
Suppose -3*n + 2 = -3*y - 28, -y - 3 = 0. What are the prime factors of n?
7
What are the prime factors of (7*(-4)/6)/(2/(-3))?
7
Let q = -3 + 8. Suppose -2*k = -q*k - 12, -20 = -5*p - 5*k. What are the prime factors of p?
2
List the prime factors of 6/(-2)*1 + 37.
2, 17
Let l = -12 - -146. List the prime factors of l.
2, 67
Suppose 943 - 87 = -4*w. Let z be w/9 + (-4)/18. Let u = -15 - z. List the prime factors of u.
3
Suppose -4*n + 117 = 3*a, 3*a - 3*n = -13 + 109. Let l = a + -21. List the prime factors of l.
2, 7
Let a(m) = -m**3 + 4*m**2 - 2*m. Let y be a(4). What are the prime factors of (-95)/(-4) + 6/y?
23
Suppose -b - 3*y + 84 = -0*y, -4*b = 3*y - 327. What are the prime factors of b?
3
Let l(g) = -36*g + 1. Let o be l(1). Let i = -25 - o. List the prime factors of i.
2, 5
Suppose 30 + 42 = 2*q - z, 5*q - 177 = z. What are the prime factors of q?
5, 7
Let v(j) = -j**2 + 6*j + 4. Let o be v(6). Suppose o*p - 165 = 3*m, p - 24 = -0*p - 5*m. Suppose p = 2*d + d. What are the prime factors of d?
13
Let n = -10 - -14. Suppose 0 = -n*d - 0*d + 16. Suppose -d*l = x - 5*l - 1, -3*x - 4*l + 10 = 0. List the prime factors of x.
2
List the prime factors of ((-16)/12)/((-3)/90).
2, 5
Suppose -2*m + 2 + 14 = 0. Let h = -4 + m. What are the prime factors of 19/h - 2/(-8)?
5
Let l(y) = 6*y + 8. List the prime factors of l(2).
2, 5
Suppose -4*f - 13 = -5*f + 4*n, -2*f + 20 = -5*n. What are the prime factors of f?
5
Suppose 3*i = -3*a + 8 + 22, -4*i = -3*a - 5. Suppose l = -4*f - 3 + 59, 5 = -f - a*l. List the prime factors of f.
3, 5
Suppose b - 546 = -5*b. List the prime factors of b.
7, 13
Let i(s) = -s**3 + 17*s**2 - 16*s + 24. What are the prime factors of i(16)?
2, 3
Let f = 8 - 5. Suppose 3*j - 43 = -4*l, j - l = 9 + f. What are the prime factors of j?
13
Let s(o) = o**2 + 11*o + 9. What are the prime factors of s(-11)?
3
List the prime factors of 191 - 4*5/10.
3, 7
Suppose -2*m + 5*m - 15 = 0. Suppose -m*r - 6 = -2*r. Let p = 4 + r. List the prime factors of p.
2
Let k be (2/2)/((-4)/(-12)). Let x(l) = l**2 - 2*l + 1. Let n be x(k). Suppose -n*z = 3*a - 10, 5*z + 40 = 2*a + 3*a. What are the prime factors of a?
2, 3
Suppose 2*u + 101 = h, -3*h = -8*h - 3*u + 518. Let s = h - 55. Suppose -s = -7*v + 3*v. List the prime factors of v.
2, 3
Let i = 97 + -51. List the prime factors of i.
2, 23
What are the prime factors of (16/6)/2*51?
2, 17
Let a(l) = -l**3 + 5*l**2 + 6*l + 2. Let j be a(6). Suppose 0 = -j*n + 3*y - 3, 4*n + 0*n + 4*y - 44 = 0. List the prime factors of n.
2, 3
Let j be (40/(-3))/((-1)/(-3)). Let o = 57 + j. What are the prime factors of o?
17
Suppose 0*f + 186 = 6*f. What are the prime factors of f?
31
Let z(r) = r**3 + 2*r**2 - 3*r + 2. Let d be z(-3). Suppose 4*x - 56 = -d*c, 0 = -c - 1 +